on divisor of 17 and v.
17
Suppose -1 + 7 = -6*q, -3*z + q = -22. Calculate the highest common divisor of z and 945.
7
Let r = 15 + -5. Let q = -8 + r. Calculate the highest common divisor of 22 and q.
2
Suppose -1 = -a, 5*p + 2*a - a - 11 = 0. Suppose p*m - m - 36 = 0. Calculate the greatest common factor of 12 and m.
12
Let d be (4 - 6)*4/8*-85. Calculate the greatest common divisor of d and 119.
17
Let m = 1392 - 1056. Calculate the greatest common factor of m and 48.
48
Suppose -57 - 127 = -5*d + 3*v, -v = 3*d - 116. Calculate the highest common factor of 57 and d.
19
Let p(y) = 18*y + 10. Let a be p(-5). Let n = a + 135. Let t = 5 + 17. What is the highest common divisor of n and t?
11
Let a(k) = 12*k**3 - 6*k**2 + 28*k - 44. Let n be a(2). What is the highest common factor of n and 532?
28
Let m = 7 + 0. Suppose -3*t = -2*a - 41, 3*t + 5*a - 20 = -m. Suppose -4*i + 8 = q, -q - 4*i = -i - t. Calculate the greatest common divisor of q and 30.
10
Let r be 3 + (24/7)/((-5)/(-35)). Let h be (r/(-2))/3*-16. Let x = 20 + -11. Calculate the greatest common factor of x and h.
9
Let f = 4 - 17. Let x = f + 13. Suppose 4*t + 1 - 41 = x. Calculate the greatest common factor of t and 1.
1
Suppose 4*j - 4*c - 596 = 0, 48*j = 52*j - 5*c - 597. What is the greatest common factor of 185 and j?
37
Let w = -212 - -269. Calculate the greatest common divisor of 627 and w.
57
Suppose -45*a + 1772 = -41*a. Suppose 69 = -2*t + a. What is the greatest common divisor of 17 and t?
17
Let b(s) = s**3 + 6*s**2 + 5*s - 3. Let a be b(-3). Calculate the highest common factor of a and 12.
3
Suppose -7*y = 1474 - 1810. Let s be 2 + 0 + 5 - 1. Calculate the highest common divisor of s and y.
6
Let y be 6 + -6 - (2 + -15). Let z = 68 - 3. Calculate the highest common divisor of y and z.
13
Let v = -48 - -76. Suppose 35 = -6*n + 11*n. Calculate the highest common divisor of v and n.
7
Let r = 46 - -17. What is the greatest common factor of r and 2331?
63
Suppose -4*m = -5*t - 17, -5*t = -5*m - 1 + 21. Let w be t*(-3 + 5 - 405). Suppose -w = -2*j - 131. Calculate the greatest common factor of 17 and j.
17
Let f be -12 - 424/6*-3. What is the highest common factor of 45 and f?
5
Suppose 9*g = 5*g + x + 146, -4*g + 5*x + 154 = 0. Let w = -4 + 40. What is the greatest common divisor of g and w?
36
Let u(c) = c**2 + 12*c - 126. Let z be u(-19). What is the greatest common factor of z and 1148?
7
Suppose -4*a + 15 = -5. Suppose -5*b = a*z - z - 245, -4*z + 241 = b. Calculate the highest common divisor of 45 and z.
15
Let j = -21 - -32. Let z = j + -6. Suppose 5*d + h - 636 = 5*h, 5*d = z*h + 635. What is the highest common factor of d and 16?
16
Suppose 78*u - 41*u = 111. Suppose 0 = 4*v - 3*v. Let l(y) = y + 21. Let b be l(v). What is the greatest common factor of b and u?
3
Suppose 0 = 3*v - 3*q - 45, 5*q - 5 = 2*v - 20. Let u = 88 + 12. Calculate the highest common divisor of u and v.
20
Suppose 0 = 5*a - 5*k + 14 - 44, 0 = -4*a + k + 36. What is the greatest common divisor of a and 1490?
10
Let b be 6/39 + 56/(-26) + 4. Suppose -762 = -b*y + 2*d, 5*d - d + 754 = 2*y. What is the greatest common factor of 35 and y?
35
Let g(f) = -f**2 - 6*f - 7. Let o be g(-5). Let n be 3/o - (-2)/4. Let j be -1 - ((n - -2) + -3). What is the highest common divisor of j and 3?
1
Let d be (-2 - 0) + 6 + 6. Let g = -1064 - -1144. What is the highest common factor of g and d?
10
Suppose 0 = 47*n - 53*n + 660. Calculate the greatest common factor of n and 20.
10
Suppose 2*k - 114 = -2*h + 184, 3*k - 2*h = 472. Let f = 7 + -4. Let r be ((-14)/(-3))/(1/f). What is the highest common factor of k and r?
14
Suppose 0 = -2*q + p + 46, 5*q - p - 123 + 5 = 0. What is the greatest common factor of 228 and q?
12
Let c(d) = 11*d + 6 - 3*d**3 + 22*d**2 - 23*d**2 + 2*d**3. Let i be c(-4). What is the highest common factor of 100 and i?
10
Let v = -562 + 582. What is the greatest common divisor of 900 and v?
20
Let f be ((-21)/14)/((-3)/88). Suppose -3 - 1 = -2*d. Let y be 270/63 - d/7. What is the highest common factor of f and y?
4
Let o = -141 + 149. Let b(c) = 2*c + 2. Let m be (6/9)/(2/27). Let q be b(m). Calculate the highest common factor of q and o.
4
Let r(n) = -n + 7. Let z be r(3). Let a be (-3)/(z/(-48)*-9). Let k(s) = -27*s + 2. Let w be k(a). What is the highest common factor of w and 10?
10
Let t = -15 + 33. Suppose -7*s = -t*s + 264. What is the highest common factor of 8 and s?
8
Let r(u) = -2*u**2 - 5*u + 12. Let x(c) = c**2 + 6*c - 13. Let o(m) = -6*r(m) - 5*x(m). Let q be o(-3). What is the greatest common factor of 8 and q?
8
Suppose -v = -18 + 70. Let r be (-8)/(-52) - (-1)/(v/(-12004)). Calculate the greatest common factor of r and 21.
21
Suppose -5*b - 11*j = -6*j - 20, -2*b = -4*j - 26. Let a(t) = 27*t + 4. Let w be a(4). Calculate the greatest common factor of b and w.
7
Suppose -19 = 4*z + b, 5*z - b = -38 + 3. Let y(c) = -c**2 - 7*c + 5. Let d be y(z). Suppose 7*j - 99 = -2*j. What is the greatest common divisor of d and j?
11
Let u(v) = v + 1. Let l be u(4). Suppose l*y - 42 = 8. Suppose -3*z + 16 = -6*m + 5*m, 3*z = -m + 8. Calculate the highest common factor of z and y.
2
Suppose 5*i - 5*c - 20 - 65 = 0, -i = 5*c - 23. What is the highest common divisor of 12 and i?
6
Suppose -15 = 2*j + 5*v, 5*j + 6 = -5*v + 3*v. Suppose 5*w - 133 = 3*k, j = 5*w - 5*k - 11 - 124. What is the greatest common factor of w and 2?
2
Let c(m) = 9*m**2 + 19*m - 33. Let o be c(6). Calculate the greatest common factor of 90 and o.
45
Let j be ((-4)/(-8))/(4*(-4)/(-384)). Suppose -432 = -2*b - 2*b. What is the highest common factor of j and b?
12
Let k be -70*(300/42)/(-5). Calculate the highest common divisor of 250 and k.
50
Let d = 1805 + -1335. Calculate the greatest common divisor of d and 20.
10
Suppose 0 = u - 3 + 6, -5*u - 6 = 3*k. Suppose -c + 75 = 5*s, 3*s + k*c - 85 = -2*s. Calculate the greatest common factor of 35 and s.
7
Suppose -c + 2 = -5. Suppose z - 55 - 8 = 0. What is the greatest common divisor of c and z?
7
Let v be 0 + 0/5 + 6. What is the highest common divisor of 9 and v?
3
Suppose -4*x - 48 = -7*x. Let f be (-4 + 5 - -23)/(6/32). Calculate the highest common factor of x and f.
16
Suppose -7 = 2*j + 5*f, 2*f + 19 = j - 0*j. Let h(v) = v**2 - 8*v - 5. Let a be h(j). Suppose -3*z = -a*z + 36. What is the highest common factor of z and 9?
9
Let w be (-1 - 1)/((-2)/11). Let f be (-10 - 1)/(-1 - 16/(-18)). Suppose -6*z + f = -3*z. Calculate the greatest common divisor of z and w.
11
Suppose -3*y + 4 = 10. Let m be 32 + (y + (1 - -4))/1. Calculate the greatest common divisor of 14 and m.
7
Let s(u) = -u**3 + 8*u**2 - 4. Let n be s(7). Suppose -6*c - 16*c + 396 = 0. What is the greatest common factor of n and c?
9
Let g = 3013 - 2917. What is the greatest common factor of 216 and g?
24
Let p(x) = -x**3 + 3*x**2 + 3*x + 1. Let t be p(-1). Suppose -4*z - 32 = -4*a - 0*z, t*z - 8 = -a. Calculate the greatest common divisor of 16 and a.
8
Let j(l) = l**3 + 8*l**2 + 7*l. Let h be j(-7). Suppose h*f + 4*f = 28. Let b = 5 + f. What is the greatest common factor of 18 and b?
6
Let z(a) = 16*a - 19. Let r be z(3). Let m(w) = -w**3 + 30*w**2 - 21*w + 8. Let p be m(r). Calculate the highest common factor of 30 and p.
30
Suppose -4*n + 3*h = 9, -26 = 4*n - 5*h - 11. Let m(q) = q**2 + 55. Let u be m(n). Let v be (-14 - -13)*1*-5. What is the highest common divisor of v and u?
5
Let r be -4 + 1 - (-7 + 1) - -121. Let s = r + -26. Calculate the highest common divisor of s and 14.
14
Suppose 74*n - 56*n - 1584 = 0. Calculate the highest common factor of n and 1188.
44
Suppose -17*i - 33 = -186. Calculate the greatest common factor of 423 and i.
9
Let j = 1007 + -963. What is the greatest common divisor of j and 473?
11
Let j = 3 + -1. Let w(y) = -y**2 - 1. Let m(n) = -2*n**2 + 13*n + 5. Let d(o) = m(o) - 3*w(o). Let q be d(-14). What is the greatest common divisor of j and q?
2
Suppose -49*j + 242 + 346 = 0. Let n(v) = 8*v. Let i be n(6). What is the highest common factor of i and j?
12
Let r(i) = 6*i - 4. Let m be r(2). Suppose -n + 0*n + m = 0. What is the greatest common factor of 72 and n?
8
Let l be (444/185)/((-12)/(-90)). Let c be (-3)/2*(-24)/9. What is the greatest common factor of c and l?